).
9
Let p(x) = 4*x - 169. Give p(44).
7
Let a(h) = 5*h - 8. Give a(9).
37
Let m(u) = u**3 - 19*u**2 + 31*u + 56. Give m(17).
5
Let x(d) = -d**2 + 6*d - 8. Give x(3).
1
Let r(h) = 7*h + 77. Give r(-12).
-7
Let t(y) = -12*y - 40. Determine t(-4).
8
Let j(r) = 12*r**2 + 61*r - 5. Give j(-5).
-10
Let r(y) = 7*y**3 + 3*y**2 + 4*y. Determine r(-1).
-8
Let i(l) = 2*l**2 + 3*l + 1. What is i(-2)?
3
Let d(y) = -y + 8. Calculate d(8).
0
Let q(x) = -x - 8. Give q(10).
-18
Let a(w) = -34*w + 372. Calculate a(11).
-2
Let w(d) = -2*d**3 + 2. What is w(0)?
2
Let u(a) = a**2 + 28*a + 34. Give u(-27).
7
Let v(a) = a**3 - 8*a**2 + 9*a - 3. What is v(7)?
11
Let u(q) = 7*q**2 - 19*q + 28. Determine u(2).
18
Let t(w) = -w**3 + 4*w**2 + 9*w - 9. Calculate t(5).
11
Let w(x) = -x**3 + 13*x**2 - 2. Calculate w(13).
-2
Let f(z) = z**3 - 9*z**2 - 3. What is f(8)?
-67
Let k(s) = s**2 + 4*s - 4. Give k(4).
28
Let w(a) = 11*a + 1. What is w(2)?
23
Let b(u) = -u**2 - 25*u - 28. Give b(-24).
-4
Let l(t) = t**2 - 9*t + 2. What is l(11)?
24
Let t(c) = c**3 + 5*c**2 - 5. Calculate t(-5).
-5
Let r(s) = 24*s - 291. Give r(12).
-3
Let d(r) = r + 6. Calculate d(-7).
-1
Let f(i) = i**3 + 25*i**2 + 27*i + 23. What is f(-24)?
-49
Let p(t) = -t**2 - 17*t + 11. Give p(-18).
-7
Let a(t) = 2*t**3 - 42*t**2 - 4*t + 83. Determine a(21).
-1
Let j(c) = -2*c**2 - 92*c - 86. Calculate j(-45).
4
Let m(b) = -30*b**3 - b**2 + b - 1. What is m(1)?
-31
Let a(v) = 4*v + 6. What is a(-4)?
-10
Let z(j) = j**3 - 13*j**2 - 66*j + 7. Give z(-4).
-1
Let n(r) = -2*r - 8. Give n(-7).
6
Let g(y) = -4*y - 7. Calculate g(4).
-23
Let a(d) = -4*d**2 + d - 2. Calculate a(1).
-5
Let f(r) = -2*r**2 + 10*r + 22. Determine f(10).
-78
Let p(x) = -4*x - 5. Determine p(-6).
19
Let c(v) = 2*v + 5. What is c(15)?
35
Let o(b) = -44*b + 2. Determine o(3).
-130
Let v(w) = w**3 - 6*w**2 + 3*w - 9. Calculate v(6).
9
Let w(u) = -u**2 - 9*u + 65. Determine w(-14).
-5
Let x(q) = q**2 - 38*q - 138. Give x(43).
77
Let k(h) = 3*h**2 + 8*h + 6. What is k(-5)?
41
Let p(n) = -4*n**3 - 37*n**2 - 10*n - 15. Give p(-9).
-6
Let y(n) = -27*n**2 - 3*n - 2. What is y(-1)?
-26
Let g(l) = 2*l**3 - 2*l**2 + 5*l + 8. Calculate g(-2).
-26
Let s(g) = -2*g**3 - 3*g**2 - g - 1. What is s(-2)?
5
Let j(a) = -a**3 + a**2 - 2*a + 1. What is j(2)?
-7
Let i(f) = 6*f**3 + 5*f**2 + 4*f - 2. Give i(-2).
-38
Let f(g) = -g**2 - 11*g + 39. What is f(-13)?
13
Let l(p) = p**3 - 8*p**2 + 11*p - 16. What is l(7)?
12
Let s(x) = 12*x - 3. What is s(-1)?
-15
Let k(n) = n - 1. Calculate k(27).
26
Let l(a) = a**3 - 3*a**2 - 3*a - 1. Determine l(4).
3
Let q(u) = -14*u - 42. Give q(-3).
0
Let c(o) = 5*o + 66. Give c(-9).
21
Let n(m) = 12*m - 37. What is n(6)?
35
Let x(b) = -2*b**2 + 44*b + 83. Determine x(24).
-13
Let h(q) = -q**3 + 4*q**2 + 5*q + 4. What is h(0)?
4
Let w(b) = -b**2 - 4*b + 169. Determine w(-15).
4
Let a(f) = 82*f - 505. Determine a(6).
-13
Let n(g) = -g**2 - 9*g - 10. What is n(-6)?
8
Let f(k) = 33*k**2 + 2*k + 1. What is f(-1)?
32
Let h(k) = -2*k**3 - 5*k**2 - 3*k - 3. Calculate h(-3).
15
Let q(p) = -p**2 + 2. Give q(3).
-7
Let a(v) = 15*v - 20. Give a(-9).
-155
Let c(s) = s**2 - 14*s - 19. Give c(14).
-19
Let g(m) = 2*m**2 + m - 13. Give g(4).
23
Let n(i) = -5*i + 7. Give n(2).
-3
Let g(f) = f - 15. Determine g(-10).
-25
Let s(f) = 3*f**2 - f - 13. Determine s(4).
31
Let m(p) = 10*p + 46. Calculate m(-7).
-24
Let g(o) = o**2 + 5*o - 15. Calculate g(5).
35
Let c(u) = -36*u + 105. What is c(3)?
-3
Let m(c) = c**3 - c**2 - c - 14. Determine m(0).
-14
Let z(q) = q**2 - 32*q + 91. Determine z(29).
4
Let x(i) = i - 42. What is x(-8)?
-50
Let d(t) = t**2 + 13*t + 15. Calculate d(-10).
-15
Let c(x) = -3*x + 76. What is c(26)?
-2
Let h(w) = -w**3 - 16*w**2 - 24*w + 16. Determine h(-14).
-40
Let y(c) = -15*c + 29. Determine y(-2).
59
Let o(j) = 6*j**2 - 15*j - 191. Give o(7).
-2
Let s(x) = -3*x**2 + x. Determine s(2).
-10
Let v(r) = r**3 + 4*r**2 + 6*r + 1. Determine v(-4).
-23
Let o(u) = u**3 - u**2 + 3*u - 13. Give o(0).
-13
Let v(q) = -q**3 + 15*q**2 + 32*q + 15. What is v(17)?
-19
Let y(o) = -2*o - 33. What is y(-18)?
3
Let s(f) = 18*f - 77. Give s(8).
67
Let q(l) = -l**3 - 10*l**2 + 3*l + 5. What is q(-10)?
-25
Let l(u) = -u**2 + 7*u - 5. Give l(7).
-5
Let j(l) = -l**3 + 5*l**2 + 12*l - 11. Give j(7).
-25
Let j(f) = f**3 + 8*f**2 + 10*f + 7. Determine j(-6).
19
Let f(m) = -2*m**3 + 4*m**2 + 17*m - 9. What is f(5)?
-74
Let d(x) = -x**2 - 22*x - 12. What is d(-21)?
9
Let p(s) = -s - 13. Give p(-10).
-3
Let o(r) = -3*r**2 - 3*r - 4. Determine o(-3).
-22
Let b(j) = -j**2 + 15*j + 496. What is b(31)?
0
Let t(h) = h**3 - 5*h**2 + h - 7. What is t(5)?
-2
Let o(h) = -h**3 + 5*h**2 + 7*h - 9. Calculate o(6).
-3
Let t(q) = -q**2 + q - 3. Give t(3).
-9
Let l(c) = -c**2 - 11*c - 4. Determine l(-9).
14
Let w(r) = -r**2 - 8*r + 3. Calculate w(-9).
-6
Let i(w) = -w**3 - 16*w**2 + 17*w + 7. What is i(-17)?
7
Let g(v) = v**2 + 6*v + 1. What is g(-5)?
-4
Let h(l) = 8*l - 193. Calculate h(25).
7
Let g(f) = -35*f - 63. What is g(-2)?
7
Let i(a) = a**2 - 17*a - 238. Calculate i(-9).
-4
Let z(k) = -k - 1. Give z(3).
-4
Let x(b) = 2*b**3 - 22*b**2 + 18*b - 14. Determine x(10).
-34
Let w(a) = -a**3 + 5*a**2 + 21*a + 28. Calculate w(8).
4
Let b(u) = 5*u - 1. Calculate b(6).
29
Let x(b) = 15*b**3 + b**2. Determine x(-1).
-14
Let p(o) = -o**2 + 10*o + 6. Determine p(11).
-5
Let r(t) = -t**2 + 21*t + 29. Give r(22).
7
Let f(d) = 4*d + 35. Determine f(-7).
7
Let g(j) = 2*j + 15. Calculate g(-10).
-5
Let m(y) = -85*y**3 + 3*y**2 - y - 1. Give m(1).
-84
Let v(i) = -i**3 + 18*i**2 - 12*i - 72. Determine v(17).
13
Let b(l) = -28*l**2 + 8*l + 2. What is b(-1)?
-34
Let z(j) = -j**3 - 13*j**2 - 15*j - 9. What is z(-12)?
27
Let x(g) = g**3 - 6*g**2 + 2*g + 16. Calculate x(5).
1
Let l(i) = -i**3 + 3*i**2 + 4*i - 3. Determine l(5).
-33
Let i(o) = o**3 + 2*o - 41. What is i(0)?
-41
Let t(q) = -q**2. Determine t(4).
-16
Let o(d) = d**2 - 9*d - 14. Give o(9).
-14
Let l(f) = 17*f - 5. Calculate l(3).
46
Let k(s) = -2*s**3 + 13*s**2 - 8*s + 16. What is k(6)?
4
Let h(t) = t**3 - 7*t**2 - 4*t - 9. Calculate h(7).
-37
Let k(b) = -b**3 - 4*b**2 + 3*b + 10. Give k(-3).
-8
Let o(a) = -a**2 - 14*a - 4. What is o(-12)?
20
Let r(i) = 15*i - 45. Determine r(3).
0
Let b(n) = -n**3 + 7*n**2 + 18*n + 1. What is b(9)?
1
Let g(l) = l**2 - 11*l + 18. Determine g(9).
0
Let d(a) = -a**3 - 13*a**2 - 11*a + 8. Calculate d(-12).
-4
Let b(z) = z**3 - 14*z**2 + 11*z + 16. Determine b(13).
-10
Let s(o) = o**3 + 3*o**2 - 4*o + 7. What is s(-4)?
7
Let t(p) = -24*p**3 + 3*p**2 + 3*p + 1. Calculate t(-1).
25
Let h(k) = 5*k**3 - 1. What is h(1)?
4
Let o(x) = 3*x**3 + 4*x**2 - 2*x - 9. Give o(0).
-9
Let u(a) = a**3 - 25*a**2 + 142*a + 21. What is u(16)?
-11
Let w(l) = l**2 - 4*l - 6. Determine w(8).
26
Let t(a) = 21*a**3 + a**2 - a + 1. Determine t(1).
22
Let h(d) = d**3 - 6*d**2 - 5*d - 2. What is h(7)?
12
Let l(h) = -2*h**2 - 15*h - 16. What is l(-6)?
2
Let s(t) = t**3 - 8*t**2 + 4*t + 8. What is s(7)?
-13
Let i(q) = -q**2 - 6*q + 55. Give i(5).
0
Let c(f) = -26*f - 14. Determine c(4).
-118
Let s(i) = i**3 - 20*i**2 + 13*i + 132. Determine s(19).
18
Let t(b) = b**3 - 2*b**2 + 3*b - 80. Determine t(0).
-80
Let k(v) = -9*v - 28. Determine k(-4).
8
Let y(k) = k**3 - 7*k**2 - 12*k + 2. Give y(8).
-30
Let q(k) = -14*k + 32. Give q(3).
-10
Let q(m) = -m**2 + m + 5. What is q(-6)?
-37
Let o(u) = 4*u**2 - 5*u - 2. What is o(2)?
4
Let h(u) = 10*u + 1. What is h(-4)?
-39
Let d(j) = -3*j**3 - 9*j**2 - 4*j + 4. Determine d(-3).
16
Let w(s) = s**3 + 10*s**2 - 9*s + 14. Determine w(-11).
-8
Let c(n) = 42*n**3 + n**2 + n + 1. What is c(-1)?
-41
Let m(r) = 5*r**3 - 2*r**2 + 46*r - 45. Calculate m(1).
4
Let y(j) = j**3 + j**2 - 4*j + 5. Give y(2).
9
Let c(y) = 55*y**3 - 5*y**2 - 3*y - 1. What is c(-1)?
-58
Let x(z) = -z**3 + 9*z**2 - 14*z + 120. Determine x(9).
-6
Let w(z) = -2*z**3 + 13*z**2 + 7*z - 6. What is w(7)?
-6
Let l(i) = -i**2 + i - 1. Calculate l(-1).
-3
Let z(x) = -x + 9. What is z(0)?
9
Let h(a) = -17*a - 4. Determine h(-3).
47
Let s(h) = -2*h**2 - 17*h + 17. Determine s(-10).
-13
Let g(n) = -4*n - 21. Determine g(-6).
3
Let i(l) = -20*l - 147. What is i(-7)?
-7
Let j(k) = k**2 + 6*k + 7. Calculate j(-7).
14
Let b(g) = 3*g + 4.